63b9
In base 12, what is 1897 + -1203?
694
In base 10, what is -11 + -59482541?
-59482552
In base 8, what is -457 + -115344?
-116023
In base 8, what is 265104 - 6?
265076
In base 9, what is -2021 - 5632?
-7653
In base 16, what is -1c2e44 + 5?
-1c2e3f
In base 16, what is 1f5 - d8582?
-d838d
In base 3, what is -1100 + -10211211000211?
-10211211002011
In base 11, what is -5 - 5987522a?
-59875234
In base 4, what is 22 - -3230110110033?
3230110110121
In base 14, what is -3d3d + 1958?
-23c5
In base 15, what is -3 - 128b6b7?
-128b6ba
In base 16, what is -8 + 727ddb?
727dd3
In base 10, what is -284295 - -156?
-284139
In base 7, what is 364024 + 2451?
366505
In base 11, what is -10a + 71a80?
71971
In base 13, what is -46 - 20a0054?
-20a009a
In base 14, what is -128a6 + -9a8?
-13470
In base 2, what is -1011101011001001 + 11000010000?
-1011010010111001
In base 7, what is 2306356 + -260?
2306066
In base 6, what is 12231 + 4131?
20402
In base 6, what is 151013141 - -1?
151013142
In base 12, what is 4577 + 260?
4817
In base 12, what is bb4 - 3a293?
-3929b
In base 3, what is 200 - -11220112220021?
11220112220221
In base 6, what is -10 + 3434454413?
3434454403
In base 10, what is 44407060 - -5?
44407065
In base 12, what is -261a83 - -8?
-261a77
In base 13, what is -79 - -61936?
6188a
In base 14, what is -b - -205957a?
205956d
In base 7, what is -2 + 151144?
151142
In base 8, what is -24 - -363323?
363277
In base 15, what is -6ddad - 1e?
-6ddcc
In base 14, what is 0 + 7204?
7204
In base 5, what is -2 - -11434223232?
11434223230
In base 11, what is -aa1a4 - -492?
-a9812
In base 5, what is 231 + -3101101?
-3100320
In base 3, what is -100122110211222 + 0?
-100122110211222
In base 16, what is -7048b8e + -5?
-7048b93
In base 7, what is -121406316 - 6?
-121406325
In base 11, what is -17030 + -4492?
-20512
In base 2, what is -11111011111000111000 + 1101010?
-11111011110111001110
In base 12, what is 237 - 4a1113?
-4a0a98
In base 11, what is -18 + -407197?
-407204
In base 15, what is 74 - 18228?
-181a4
In base 2, what is -10001010101110011101 + 1001?
-10001010101110010100
In base 4, what is 2113030120 + -1320?
2113022200
In base 4, what is -3 + -3230321131?
-3230321200
In base 11, what is 171 - 79521?
-79360
In base 5, what is 1124012024 + 22?
1124012101
In base 8, what is 3232 + 10123?
13355
In base 10, what is 8453 - 7804?
649
In base 9, what is -125 - -148663?
148537
In base 14, what is 5d2a - -352?
627c
In base 5, what is -10332 + -441221?
-1002103
In base 8, what is -1001470727 - 3?
-1001470732
In base 2, what is -10001101 + -10000010010010100?
-10000010100100001
In base 5, what is 2 - 2202322211?
-2202322204
In base 13, what is b - c04446?
-c04438
In base 10, what is 5 + -6270506?
-6270501
In base 12, what is 797877 - -3?
79787a
In base 13, what is -4268b + -51b?
-42ba9
In base 11, what is -6 - -16219?
16213
In base 4, what is 11101211 + -12003303?
-302032
In base 6, what is 5510 + -224312?
-214402
In base 11, what is 782a96 - -11?
782aa7
In base 14, what is 36 + -17add60?
-17add28
In base 3, what is -121210 - 1121210011?
-1122101221
In base 13, what is -86a7a3 + 2?
-86a7a1
In base 5, what is -10 - -12023434043?
12023434033
In base 2, what is -1001001100111101110010111 - 11?
-1001001100111101110011010
In base 4, what is 13202220233 + 20?
13202220313
In base 3, what is -2 - 200000100012211?
-200000100012220
In base 4, what is -3010313121 + 32100?
-3010221021
In base 16, what is -b798 + 47?
-b751
In base 4, what is -32122312322 - 21?
-32122313003
In base 12, what is -167885 + 112?
-167773
In base 3, what is 221011102010 + 10?
221011102020
In base 14, what is 1 - 3c36ab?
-3c36aa
In base 5, what is -2100 - 30323142?
-30330242
In base 16, what is -2f11 + 1ccc?
-1245
In base 11, what is -3292 + -6810?
-9aa2
In base 10, what is 13 + 8726286?
8726299
In base 16, what is 77 + a25a?
a2d1
In base 2, what is 11 - 1001011101001000011000111?
-1001011101001000011000100
In base 16, what is -117 - 10f86?
-1109d
In base 6, what is 454021430 + -12?
454021414
In base 16, what is -264f + 565?
-20ea
In base 3, what is 11112 + -121002000110?
-121001211221
In base 8, what is -2 + -20567031?
-20567033
In base 4, what is -11 + -1123220130?
-1123220201
In base 15, what is -69b - 2454?
-2b00
In base 10, what is 231830 + 1?
231831
In base 10, what is -80318 - -736?
-79582
In base 10, what is 81676 - -649?
82325
In base 13, what is a + 11475c?
114769
In base 3, what is 112000221221021111 - -10?
112000221221021121
In base 9, what is -10304 + -1343?
-11647
In base 14, what is -18a - -271bd?
27033
In base 5, what is 2140 - -32003?
34143
In base 15, what is -42 - 1cc?
-21e
In base 14, what is 3a - 1628d9?
-16289d
In base 6, what is -11 - 1002531102?
-1002531113
In base 8, what is -25 - 156057?
-156104
In base 15, what is -863 - -1c7?
-68b
In base 5, what is -33 - 1030410414?
-1030411002
In base 13, what is -5 - 4167264?
-4167269
In base 3, what is 220221020000200 - 11?
220221020000112
In base 9, what is -568 + -36450?
-37128
In base 6, what is -12 - -3303513553?
3303513541
In base 15, what is 3 + -6ed0a?
-6ed07
In base 7, what is 3043544 + 4?
3043551
In base 15, what is 7c476 + -61?
7c415
In base 15, what is 5 - 145abac?
-145aba7
In base 14, what is 8159d8 + -4?
8159d4
In base 15, what is a4c00d - -a?
a4c018
In base 10, what is 36 + -620925?
-620889
In base 7, what is -20626 + 6546?
-11050
In base 15, what is -6c - -250560?
2504e3
In base 6, what is 110225542 + 4?
110225550
In base 9, what is -77756377 + 2?
-77756375
In base 2, what is -10 + 111001111110001111110111001?
111001111110001111110110111
In base 8, what is 1360333 - -167?
1360522
In base 12, what is 3 + 140492a?
1404931
In base 6, what is 30140 - -1230400?
1300540
In base 9, what is -60371667 + -3?
-60371671
In base 14, what is -5a + -3a213?
-3a26d
In base 10, what is 39786830 - -1?
39786831
In base 9, what is -3474 - -1555?
-1818
In base 6, what is 5345 + -3515015?
-3505230
In base 5, what is 30431 + 243244?
324230
In base 13, what is -266a6 + 1b?
-26688
In base 2, what is 1001110011 - -101101100110110000?
101101110000100011
In base 7, what is -110246 + -516?
-111065
In base 13, what is -5548ca - 6b?
-554968
In base 10, what is 0 + -13295589?
-13295589
In base 9, what is 104445 - -2718?
107264
In base 11, what is -1 - 11a2463?
-11a2464
In base 4, what is 11 + 111201011221?
111201011232
In base 5, what is -10 + -3240414?
-3240424
In base 2, what is -100100011110101 - -111001101000011?
10101001001110
In base 15, what is 11b3 - 4be6?
-3a33
In base 6, what is 205120315 - -4?
205120323
In base 10, what is -28 - 43039?
-43067
In base 11, what is -275 - 95a1?
-9866
In base 12, what is 13406936 + -7?
1340692b
In base 13, what is -11 - -2948c4?
2948b3
In base 14, what is 6a - 5365?
-52d9
In base 9, what is 3617 + 1535?
5253
In base 13, what is -96 + -9683?
-9749
In base 10, what is 1 - -5727200?
5727201
In base 10, what is 216 + 126953?
127169
In base 3, what is 110012122 + -11121?
110001001
In base 3, what is -11 + 22011210112?
22011210101
In base 5, what is 1012241 - -212000?
1224241
In base 9, what is 24568333 - 7?
24568325
In base 3, what is 100102011 - 111122?
22220112
In base 3, what is 12012121 + 100000220?
112020111
In base 13, what is 4 - 469a78?
-469a74
In base 14, what is -1c9a6 + 4d?
-1c957
In base 10, what is -123 + -101357?
-101480
In base 6, what is -40 + -42105124?
-42105204
In base 4, what is -3 + -21013101103?
-21013101112
In base 2, what is 10000111100011 + -1011001111011100?
-1001000111111001
In base 12, what is -a7 + 11b28?
11a41
In base 13, what is -16ac - -a4b6?
8b07
In base 10, what is -34 + -34681?
-34715
In base 9, what is -38 + 307372?
307333
In base 9, what is -2 - 8883241?
-8883243
In base 15, what is -3 - -1ee4e9?
1ee4e6
In base 14, what is 11655332 + -5?
1165532b
In base 15, what is 113 + -b766a?
-b7557
In base 13, what is -1 - -683985?
683984
In base 2, what is -1100110010010110011110 - -1011?
-1100110010010110010011
In base 14, what is 35d5 + -14d9?
20da
In base 7, what is -2 - 542646256?
-542646261
In base 6, what is 3114445 - -11425?
3130314
In base 5, what is -41410 + -334030?
-430440
In base 11, what is -5 + 10438480?
10438476
In base 8, what is 431172657 + -4?
431172653
In base 2, what is -1011010 + -1